{"id":139,"date":"2017-06-07T09:59:06","date_gmt":"2017-06-07T09:59:06","guid":{"rendered":"http:\/\/konsulat-serbia.atthouse.pl\/?page_id=139"},"modified":"2017-08-14T13:03:25","modified_gmt":"2017-08-14T11:03:25","slug":"turystyka-2","status":"publish","type":"page","link":"https:\/\/konsulat-serbia.pl\/?page_id=139","title":{"rendered":"Turystyka"},"content":{"rendered":"<h1 style=\"text-align: center;\">Turystyka<\/h1>\n<h6 style=\"text-align: center;\"><a href=\"http:\/\/d.bosnic\"><img loading=\"lazy\" class=\"aligncenter wp-image-411\" src=\"https:\/\/konsulat-serbia.pl\/wp-content\/uploads\/2017\/06\/Belgrade_Kalemegdan_church_credits_D.Bosnic-744x500.jpg\" alt=\"\" width=\"595\" height=\"400\" srcset=\"https:\/\/konsulat-serbia.pl\/wp-content\/uploads\/2017\/06\/Belgrade_Kalemegdan_church_credits_D.Bosnic-744x500.jpg 744w, https:\/\/konsulat-serbia.pl\/wp-content\/uploads\/2017\/06\/Belgrade_Kalemegdan_church_credits_D.Bosnic-420x282.jpg 420w, https:\/\/konsulat-serbia.pl\/wp-content\/uploads\/2017\/06\/Belgrade_Kalemegdan_church_credits_D.Bosnic-768x516.jpg 768w, https:\/\/konsulat-serbia.pl\/wp-content\/uploads\/2017\/06\/Belgrade_Kalemegdan_church_credits_D.Bosnic-1200x806.jpg 1200w, https:\/\/konsulat-serbia.pl\/wp-content\/uploads\/2017\/06\/Belgrade_Kalemegdan_church_credits_D.Bosnic-223x150.jpg 223w, https:\/\/konsulat-serbia.pl\/wp-content\/uploads\/2017\/06\/Belgrade_Kalemegdan_church_credits_D.Bosnic-150x101.jpg 150w\" sizes=\"(max-width: 595px) 100vw, 595px\" \/><\/a>\u017ar\u00f3d\u0142o: <a href=\"http:\/\/serbia.travel\">serbia.travel<\/a>, autor: D.Bosni\u0107<\/h6>\n<h3>Serbia jest krajem pe\u0142nym nieodkrytego pi\u0119kna, \u0142\u0105cz\u0105cym w sobie magi\u0119 dawnych lat, dziko\u015b\u0107 przyrody i nowoczesno\u015b\u0107. Chocia\u017c niewiele os\u00f3b o tym wie, w Serbii sp\u0119dzi\u0107 mo\u017cna ekscytuj\u0105cy urlop wype\u0142niaj\u0105c czas zwiedzaniem i odpoczynkiem w najpi\u0119kniejszych zak\u0105tkach P\u00f3\u0142wyspu Ba\u0142ka\u0144skiego.<\/h3>\n<h3>Tym, co szczeg\u00f3lnie wyr\u00f3\u017cnia podej\u015bcie Serb\u00f3w do turyst\u00f3w, jest powszechna go\u015bcinno\u015b\u0107 obywateli Serbii, wymieniana jako jeden z g\u0142\u00f3wnych powod\u00f3w, dla kt\u00f3rych warto odwiedzi\u0107 ten kraj. Obcokrajowcy cz\u0119sto mog\u0105 si\u0119 poczu\u0107 jak u siebie w domu, nierzadko traktowani s\u0105 przez poznanych na wakacjach Serb\u00f3w jak cz\u0142onkowie rodziny.<\/h3>\n<h2 align=\"center\"><span style=\"font-size: 16px;\"><strong>Zapraszamy do odkrycia uroku Serbii!<\/strong><\/span><\/h2>\n<p><a href=\"https:\/\/konsulat-serbia.pl\/wp-content\/uploads\/2017\/06\/dziewczyna-z-walizk\u0105.jpg\"><img loading=\"lazy\" class=\"wp-image-400 alignleft\" src=\"https:\/\/konsulat-serbia.pl\/wp-content\/uploads\/2017\/06\/dziewczyna-z-walizk\u0105.jpg\" alt=\"\" width=\"205\" height=\"308\" srcset=\"https:\/\/konsulat-serbia.pl\/wp-content\/uploads\/2017\/06\/dziewczyna-z-walizk\u0105.jpg 480w, https:\/\/konsulat-serbia.pl\/wp-content\/uploads\/2017\/06\/dziewczyna-z-walizk\u0105-420x630.jpg 420w, https:\/\/konsulat-serbia.pl\/wp-content\/uploads\/2017\/06\/dziewczyna-z-walizk\u0105-100x150.jpg 100w\" sizes=\"(max-width: 205px) 100vw, 205px\" \/><\/a><a href=\"https:\/\/konsulat-serbia.pl\/?page_id=346\">Dokumenty podr\u00f3\u017cy<\/a><a href=\"https:\/\/konsulat-serbia.pl\/wp-content\/uploads\/2017\/06\/serbia-w-mapie.png\"><img loading=\"lazy\" class=\" wp-image-399 alignright\" src=\"https:\/\/konsulat-serbia.pl\/wp-content\/uploads\/2017\/06\/serbia-w-mapie.png\" alt=\"\" width=\"268\" height=\"357\" srcset=\"https:\/\/konsulat-serbia.pl\/wp-content\/uploads\/2017\/06\/serbia-w-mapie.png 540w, https:\/\/konsulat-serbia.pl\/wp-content\/uploads\/2017\/06\/serbia-w-mapie-420x560.png 420w, https:\/\/konsulat-serbia.pl\/wp-content\/uploads\/2017\/06\/serbia-w-mapie-113x150.png 113w\" sizes=\"(max-width: 268px) 100vw, 268px\" \/><\/a><\/p>\n<p><a href=\"https:\/\/konsulat-serbia.pl\/?page_id=390\">Bezpiecze\u0144stwo<\/a><\/p>\n<p><a href=\"https:\/\/konsulat-serbia.pl\/?page_id=350\">Miasta<\/a><\/p>\n<p><a href=\"https:\/\/konsulat-serbia.pl\/?page_id=354\">Festiwale<\/a><\/p>\n<p><a href=\"https:\/\/konsulat-serbia.pl\/?page_id=358\">Kultura<\/a><\/p>\n<p><a href=\"https:\/\/konsulat-serbia.pl\/?page_id=362\">Natura<\/a><\/p>\n<p>&nbsp;<\/p>\n<p>&nbsp;<\/p>\n<p style=\"text-align: start;\"><b>UWAGA!<\/b><\/p>\n<p style=\"text-align: start;\">Oficjaln\u0105 walut\u0105 Serbii jest dinar serbski (RSD):<\/p>\n<p><a href=\"https:\/\/konsulat-serbia.pl\/wp-content\/uploads\/2017\/06\/10RSD_Front.jpg\"><img loading=\"lazy\" class=\"size-full wp-image-401 alignleft\" src=\"https:\/\/konsulat-serbia.pl\/wp-content\/uploads\/2017\/06\/10RSD_Front.jpg\" alt=\"\" width=\"184\" height=\"87\" srcset=\"https:\/\/konsulat-serbia.pl\/wp-content\/uploads\/2017\/06\/10RSD_Front.jpg 184w, https:\/\/konsulat-serbia.pl\/wp-content\/uploads\/2017\/06\/10RSD_Front-150x71.jpg 150w\" sizes=\"(max-width: 184px) 100vw, 184px\" \/><\/a> <a href=\"https:\/\/konsulat-serbia.pl\/wp-content\/uploads\/2017\/06\/190px-20RSD_Front.jpg\"><img loading=\"lazy\" class=\"size-medium wp-image-403 alignleft\" src=\"https:\/\/konsulat-serbia.pl\/wp-content\/uploads\/2017\/06\/190px-20RSD_Front.jpg\" alt=\"\" width=\"190\" height=\"90\" srcset=\"https:\/\/konsulat-serbia.pl\/wp-content\/uploads\/2017\/06\/190px-20RSD_Front.jpg 190w, https:\/\/konsulat-serbia.pl\/wp-content\/uploads\/2017\/06\/190px-20RSD_Front-150x71.jpg 150w\" sizes=\"(max-width: 190px) 100vw, 190px\" \/><\/a> <a href=\"https:\/\/konsulat-serbia.pl\/wp-content\/uploads\/2017\/06\/194px-50RSD_Front.jpg\"><img loading=\"lazy\" class=\"size-medium wp-image-404 alignleft\" src=\"https:\/\/konsulat-serbia.pl\/wp-content\/uploads\/2017\/06\/194px-50RSD_Front.jpg\" alt=\"\" width=\"194\" height=\"91\" srcset=\"https:\/\/konsulat-serbia.pl\/wp-content\/uploads\/2017\/06\/194px-50RSD_Front.jpg 194w, https:\/\/konsulat-serbia.pl\/wp-content\/uploads\/2017\/06\/194px-50RSD_Front-150x70.jpg 150w\" sizes=\"(max-width: 194px) 100vw, 194px\" \/><\/a><\/p>\n<p><img loading=\"lazy\" class=\"size-medium wp-image-402 alignleft\" src=\"https:\/\/konsulat-serbia.pl\/wp-content\/uploads\/2017\/06\/100_Dinars_from_Republic_of_Serbia.jpg\" alt=\"\" width=\"200\" height=\"95\" srcset=\"https:\/\/konsulat-serbia.pl\/wp-content\/uploads\/2017\/06\/100_Dinars_from_Republic_of_Serbia.jpg 200w, https:\/\/konsulat-serbia.pl\/wp-content\/uploads\/2017\/06\/100_Dinars_from_Republic_of_Serbia-150x71.jpg 150w\" sizes=\"(max-width: 200px) 100vw, 200px\" \/><\/p>\n<p><a href=\"https:\/\/konsulat-serbia.pl\/wp-content\/uploads\/2017\/06\/208px-200RSD_Front.jpg\"><img loading=\"lazy\" class=\"size-medium wp-image-405 alignleft\" src=\"https:\/\/konsulat-serbia.pl\/wp-content\/uploads\/2017\/06\/208px-200RSD_Front.jpg\" alt=\"\" width=\"208\" height=\"99\" srcset=\"https:\/\/konsulat-serbia.pl\/wp-content\/uploads\/2017\/06\/208px-200RSD_Front.jpg 208w, https:\/\/konsulat-serbia.pl\/wp-content\/uploads\/2017\/06\/208px-200RSD_Front-150x71.jpg 150w\" sizes=\"(max-width: 208px) 100vw, 208px\" \/><\/a> <a href=\"https:\/\/konsulat-serbia.pl\/wp-content\/uploads\/2017\/06\/212px-1000RSD_front.jpg\"><img loading=\"lazy\" class=\"size-medium wp-image-406 alignleft\" src=\"https:\/\/konsulat-serbia.pl\/wp-content\/uploads\/2017\/06\/212px-1000RSD_front.jpg\" alt=\"\" width=\"212\" height=\"100\" srcset=\"https:\/\/konsulat-serbia.pl\/wp-content\/uploads\/2017\/06\/212px-1000RSD_front.jpg 212w, https:\/\/konsulat-serbia.pl\/wp-content\/uploads\/2017\/06\/212px-1000RSD_front-150x71.jpg 150w\" sizes=\"(max-width: 212px) 100vw, 212px\" \/><\/a> <img loading=\"lazy\" class=\"size-medium wp-image-409 alignleft\" src=\"https:\/\/konsulat-serbia.pl\/wp-content\/uploads\/2017\/06\/500RSD_2007_obverse.jpg\" alt=\"\" width=\"208\" height=\"98\" srcset=\"https:\/\/konsulat-serbia.pl\/wp-content\/uploads\/2017\/06\/500RSD_2007_obverse.jpg 208w, https:\/\/konsulat-serbia.pl\/wp-content\/uploads\/2017\/06\/500RSD_2007_obverse-150x71.jpg 150w\" sizes=\"(max-width: 208px) 100vw, 208px\" \/><a href=\"https:\/\/konsulat-serbia.pl\/wp-content\/uploads\/2017\/06\/220px-2000RSD_front.jpg\"><img loading=\"lazy\" class=\"size-medium wp-image-407 alignleft\" src=\"https:\/\/konsulat-serbia.pl\/wp-content\/uploads\/2017\/06\/220px-2000RSD_front.jpg\" alt=\"\" width=\"220\" height=\"105\" srcset=\"https:\/\/konsulat-serbia.pl\/wp-content\/uploads\/2017\/06\/220px-2000RSD_front.jpg 220w, https:\/\/konsulat-serbia.pl\/wp-content\/uploads\/2017\/06\/220px-2000RSD_front-150x72.jpg 150w\" sizes=\"(max-width: 220px) 100vw, 220px\" \/><\/a> <a href=\"https:\/\/konsulat-serbia.pl\/wp-content\/uploads\/2017\/06\/226px-5000_front.jpg\"><img loading=\"lazy\" class=\"size-medium wp-image-408 alignleft\" src=\"https:\/\/konsulat-serbia.pl\/wp-content\/uploads\/2017\/06\/226px-5000_front.jpg\" alt=\"\" width=\"226\" height=\"107\" srcset=\"https:\/\/konsulat-serbia.pl\/wp-content\/uploads\/2017\/06\/226px-5000_front.jpg 226w, https:\/\/konsulat-serbia.pl\/wp-content\/uploads\/2017\/06\/226px-5000_front-150x71.jpg 150w\" sizes=\"(max-width: 226px) 100vw, 226px\" \/><\/a><\/p>\n<p>&nbsp;<\/p>\n<p>&nbsp;<\/p>\n<p>&nbsp;<\/p>\n<p>&nbsp;<\/p>\n<p>&nbsp;<\/p>\n<p>&nbsp;<\/p>\n<p>&nbsp;<\/p>\n<p>&nbsp;<\/p>\n<p style=\"text-align: start;\"><b>Monety i banknoty z inskrypcj\u0105\u00a0<\/b><b>Narodowego Banku Jugos\u0142awii (Narodna Banka Jugoslavije), wygl\u0105daj\u0105ce tak samo lub podobnie do tych wyemitowanych przez Narodowy Bank Serbii, zosta\u0142y wycofane z obiegu i nie s\u0105 ju\u017c uznawane.\u00a0<\/b><span style=\"color: #ffffff;\"><a href=\"http:\/\/www.nbs.rs\/\">www.nbs.rs<\/a><\/span><\/p>\n<p>&nbsp;<\/p>\n<h2 align=\"center\"><\/h2>\n<h2 align=\"center\">Visit Balkan<\/h2>\n<p>Polecamy kontakt z biurem podr\u00f3\u017cy Visit Balkan z Chorzowa w razie wszelkich w\u0105tpliwo\u015bci zwi\u0105zanych z podr\u00f3\u017cowaniem po Ba\u0142kanach jak r\u00f3wnie\u017c w celu organizacji indywidualnego b\u0105d\u017a grupowego wypoczynku nie tylko w Serbii lecz na ca\u0142ym P\u00f3\u0142wyspie Ba\u0142ka\u0144skim.<\/p>\n<p>Zapraszamy na stron\u0119 biura: <a href=\"http:\/\/www.visitbalkan.pl\">www.visitbalkan.pl <\/a>oraz do kontaktu z\u00a0 w\u0142a\u015bcicielem biura, panem Goranem Kova\u010deviciem: <a href=\"mailto:goran@visitbalkan.pl\">goran@visitbalk<\/a><a style=\"font-size: 16px;\" href=\"mailto:goran@visitbalkan.pl\">an.pl<\/a><\/p>\n<p>&nbsp;<\/p>\n","protected":false},"excerpt":{"rendered":"<p>Turystyka \u017ar\u00f3d\u0142o: serbia.travel, autor: D.Bosni\u0107 Serbia jest krajem pe\u0142nym nieodkrytego pi\u0119kna, \u0142\u0105cz\u0105cym w sobie magi\u0119 dawnych lat, dziko\u015b\u0107 przyrody i nowoczesno\u015b\u0107. Chocia\u017c niewiele os\u00f3b o tym wie, w Serbii sp\u0119dzi\u0107 mo\u017cna ekscytuj\u0105cy urlop wype\u0142niaj\u0105c czas zwiedzaniem i odpoczynkiem w najpi\u0119kniejszych zak\u0105tkach P\u00f3\u0142wyspu Ba\u0142ka\u0144skiego. Tym, co szczeg\u00f3lnie wyr\u00f3\u017cnia podej\u015bcie Serb\u00f3w do \u2026 <a class=\"continue-reading-link\" href=\"https:\/\/konsulat-serbia.pl\/?page_id=139\"> Continue reading <span class=\"meta-nav\">&rarr; <\/span><\/a><\/p>\n","protected":false},"author":1,"featured_media":0,"parent":0,"menu_order":0,"comment_status":"closed","ping_status":"closed","template":"","meta":[],"aioseo_notices":[],"_links":{"self":[{"href":"https:\/\/konsulat-serbia.pl\/index.php?rest_route=\/wp\/v2\/pages\/139"}],"collection":[{"href":"https:\/\/konsulat-serbia.pl\/index.php?rest_route=\/wp\/v2\/pages"}],"about":[{"href":"https:\/\/konsulat-serbia.pl\/index.php?rest_route=\/wp\/v2\/types\/page"}],"author":[{"embeddable":true,"href":"https:\/\/konsulat-serbia.pl\/index.php?rest_route=\/wp\/v2\/users\/1"}],"replies":[{"embeddable":true,"href":"https:\/\/konsulat-serbia.pl\/index.php?rest_route=%2Fwp%2Fv2%2Fcomments&post=139"}],"version-history":[{"count":7,"href":"https:\/\/konsulat-serbia.pl\/index.php?rest_route=\/wp\/v2\/pages\/139\/revisions"}],"predecessor-version":[{"id":615,"href":"https:\/\/konsulat-serbia.pl\/index.php?rest_route=\/wp\/v2\/pages\/139\/revisions\/615"}],"wp:attachment":[{"href":"https:\/\/konsulat-serbia.pl\/index.php?rest_route=%2Fwp%2Fv2%2Fmedia&parent=139"}],"curies":[{"name":"wp","href":"https:\/\/api.w.org\/{rel}","templated":true}]}}